{"id":3453,"date":"2026-03-12T12:49:52","date_gmt":"2026-03-12T12:49:52","guid":{"rendered":"https:\/\/www.kein-alter-hut.de\/index.php\/forum-2\/"},"modified":"2026-03-12T16:28:34","modified_gmt":"2026-03-12T16:28:34","slug":"forum-2","status":"publish","type":"page","link":"https:\/\/www.kein-alter-hut.de\/index.php\/forum-2\/","title":{"rendered":"Forum"},"content":{"rendered":"\n<p><strong>Forum Cit\u00e9 Foch \u2013 Austausch f\u00fcr Anwohnerinnen und Anwohner<\/strong><\/p>\n\n\n\n<p>Die Cit\u00e9 Foch in Berlin-Reinickendorf entwickelt sich weiter. Mit dem beschlossenen Bebauungsplan entstehen neue Wohnungen, ein Schulneubau und weitere Ver\u00e4nderungen im Quartier. Viele Fragen rund um Stadtentwicklung, Infrastruktur und Lebensqualit\u00e4t bewegen derzeit die Menschen vor Ort.<\/p>\n\n\n\n<p>Dieses Forum soll eine Plattform f\u00fcr alle Interessierten und Anwohnerinnen und Anwohner der Cit\u00e9 Foch sein, um sich auszutauschen, Informationen zu teilen und Ideen f\u00fcr die Zukunft unseres Viertels zu diskutieren.<\/p>\n\n\n\n<p>Hier k\u00f6nnen Themen angesprochen werden wie zum Beispiel:<\/p>\n\n\n\n<ul class=\"wp-block-list\">\n<li>Neubauvorhaben und Stadtentwicklung in der Cit\u00e9 Foch<\/li>\n\n\n\n<li>Verkehr, \u00d6PNV-Anbindung und Parkraumsituation<\/li>\n\n\n\n<li>Schulen, Kitas und Bildungsangebote<\/li>\n\n\n\n<li>Nahversorgung und Infrastruktur<\/li>\n\n\n\n<li>Gr\u00fcnfl\u00e4chen, Freizeitangebote und Lebensqualit\u00e4t im Quartier<\/li>\n<\/ul>\n\n\n\n<p>Ziel ist ein konstruktiver Dialog \u00fcber die Entwicklung der Cit\u00e9 Foch und dar\u00fcber, wie unser Viertel weiterhin lebenswert gestaltet werden kann.<\/p>\n\n\n\n<p>Ein besonderer Anlass f\u00fcr den Austausch ist der <strong>Anwohner-Dialog am 17. April 2026 um 18 Uhr in der Aula des Romain-Rolland-Gymnasiums<\/strong>. Dort werden Vertreterinnen und Vertreter aus Politik, Verwaltung und Fachplanung mit den Anwohnerinnen und Anwohnern \u00fcber aktuelle Entwicklungen und offene Fragen sprechen.<\/p>\n\n\n\n<p>Dieses Forum soll helfen, Themen zu sammeln, Fragen vorzubereiten und die Perspektiven der Nachbarschaft sichtbar zu machen.<\/p>\n\n\n\n<p>Alle sind herzlich eingeladen, sich zu beteiligen \u2013 mit Fragen, Ideen, Erfahrungen und konstruktiven Vorschl\u00e4gen f\u00fcr die Zukunft der Cit\u00e9 Foch.<\/p>\n\n\n\n<p>Wir haben Ihnen ein paar thematische Vorschl\u00e4ge gemacht; erg\u00e4nzen Sie, welche Themen auch immer Ihnen wichtig sind.<\/p>\n\n\n<div id=\"af-wrapper\"><div id=\"forum-header\"><div id=\"forum-navigation-mobile\"><a><span class=\"fas fa-bars\"><\/span>Men\u00fc<\/a><\/div><span class=\"screen-reader-text\">Forum-Navigation<\/span><div id=\"forum-navigation\"><a class=\"home-link\" href=\"https:\/\/www.kein-alter-hut.de\/index.php\/forum-2\" target=\"_self\">Forum<\/a><a class=\"members-link\" href=\"https:\/\/www.kein-alter-hut.de\/index.php\/forum-2\/members\/\" target=\"_self\">Mitglieder<\/a><a class=\"activity-link\" href=\"https:\/\/www.kein-alter-hut.de\/index.php\/forum-2\/activity\/\" target=\"_self\">Aktivit\u00e4t<\/a><a class=\"login-link\" href=\"https:\/\/www.kein-alter-hut.de\/wp-login.php?redirect_to=https%3A%2F%2Fwww.kein-alter-hut.de%2Findex.php%2Fwp-json%2Fwp%2Fv2%2Fpages%2F3453\" target=\"_self\">Anmelden<\/a><a class=\"register-link\" href=\"https:\/\/www.kein-alter-hut.de\/wp-login.php?action=register\" target=\"_self\">Registrieren<\/a><\/div><div id=\"forum-search\"><span class=\"search-icon fas fa-search\"><\/span><form method=\"get\" action=\"https:\/\/www.kein-alter-hut.de\/index.php\/forum-2\/search\/\"><input name=\"keywords\" type=\"search\" placeholder=\"Suchen\u00a0\u2026\" value=\"\"><\/form><\/div><div class=\"clear\"><\/div><\/div><div id=\"forum-breadcrumbs\" itemscope itemtype=\"http:\/\/schema.org\/BreadcrumbList\"><span class=\"screen-reader-text\">Forum-Breadcrumbs - Du bist hier:<\/span><span class=\"breadcrumb-icon fas fa-home\"><\/span><span itemprop=\"itemListElement\" itemscope itemtype=\"https:\/\/schema.org\/ListItem\"><a itemprop=\"item\" href=\"https:\/\/www.kein-alter-hut.de\/index.php\/forum-2\" title=\"Forum\"><span itemprop=\"name\">Forum<\/span><\/a><meta itemprop=\"position\" content=\"1\"><\/span><span class=\"breadcrumb-icon fas fa-chevron-right separator\"><\/span><\/div><h1 class=\"main-title main-title-\">Forum<\/h1><div class=\"title-element\" id=\"forum-category-42\">Cit\u00e9 Foch<span class=\"last-post-headline\">Letzter Beitrag<\/span><\/div><div class=\"content-container\"><div class=\"content-element forum\" id=\"forum-6\"><div class=\"forum-status unread\"><i class=\"fas fa-comments\"><\/i><\/div><div class=\"forum-name\"><a class=\"forum-title\" href=\"https:\/\/www.kein-alter-hut.de\/index.php\/forum-2\/forum\/allgemeines\/\">Allgemeines<\/a><small class=\"forum-description\">Beschreiben Sie Kritikw\u00fcrdiges wie Gelungenes in der Cit\u00e9 Foch<\/small><small class=\"forum-stats\">1\u00a0Thema&nbsp;&middot;&nbsp;1\u00a0Beitrag<\/small><small class=\"forum-lastpost-small\">Letzter Beitrag:&nbsp;<a href=\"https:\/\/www.kein-alter-hut.de\/index.php\/forum-2\/topic\/park-an-der-rue-lamartine\/#postid-3\">Park an der Rue Lamartine<\/a>&nbsp;&middot;&nbsp;<a href=\"https:\/\/www.kein-alter-hut.de\/index.php\/forum-2\/topic\/park-an-der-rue-lamartine\/#postid-3\">vor 2\u00a0Wochen<\/a>&nbsp;&middot;&nbsp;<a class=\"profile-link highlight-default\" href=\"https:\/\/www.kein-alter-hut.de\/index.php\/forum-2\/profile\/andree\/\">Andree<\/a><\/small><\/div><div class=\"forum-poster\"><div class=\"forum-poster-avatar\"><img alt='' src='https:\/\/secure.gravatar.com\/avatar\/8aec8d01805eb9772837e1cc1801231d325d6fbdaa71e06bb1232033e5200a34?s=40&#038;d=mm&#038;r=g' srcset='https:\/\/secure.gravatar.com\/avatar\/8aec8d01805eb9772837e1cc1801231d325d6fbdaa71e06bb1232033e5200a34?s=80&#038;d=mm&#038;r=g 2x' class='avatar avatar-40 photo' height='40' width='40' \/><\/div><div class=\"forum-poster-summary\"><a href=\"https:\/\/www.kein-alter-hut.de\/index.php\/forum-2\/topic\/park-an-der-rue-lamartine\/#postid-3\">Park an der Rue Lamartine<\/a><br><small><a href=\"https:\/\/www.kein-alter-hut.de\/index.php\/forum-2\/topic\/park-an-der-rue-lamartine\/#postid-3\">vor 2\u00a0Wochen<\/a><span>&nbsp;&middot;&nbsp;<\/span><a class=\"profile-link highlight-default\" href=\"https:\/\/www.kein-alter-hut.de\/index.php\/forum-2\/profile\/andree\/\">Andree<\/a><\/small><\/div><\/div><\/div><div class=\"content-element forum\" id=\"forum-3\"><div class=\"forum-status read\"><i class=\"fas fa-comments\"><\/i><\/div><div class=\"forum-name\"><a class=\"forum-title\" href=\"https:\/\/www.kein-alter-hut.de\/index.php\/forum-2\/forum\/oepnv-in-der-cite\/\">\u00d6PNV in der Cit\u00e9<\/a><small class=\"forum-description\">Kommt der Bus durch die Avenue?<\/small><small class=\"forum-stats\">0\u00a0Themen&nbsp;&middot;&nbsp;0\u00a0Beitr\u00e4ge<\/small><small class=\"forum-lastpost-small\"><small class=\"no-topics\">Noch keine Themen!<\/small><\/small><\/div><div class=\"forum-poster\"><small class=\"no-topics\">Noch keine Themen!<\/small><\/div><\/div><div class=\"content-element forum\" id=\"forum-5\"><div class=\"forum-status unread\"><i class=\"fas fa-comments\"><\/i><\/div><div class=\"forum-name\"><a class=\"forum-title\" href=\"https:\/\/www.kein-alter-hut.de\/index.php\/forum-2\/forum\/nahversorgung\/\">Nahversorgung<\/a><small class=\"forum-description\">Bleibt es bei einer reinen Wohnbebauung oder sind noch Ladengesch\u00e4fte, Caf\u00e9s etc. denkbar?<\/small><small class=\"forum-stats\">1\u00a0Thema&nbsp;&middot;&nbsp;1\u00a0Beitrag<\/small><small class=\"forum-lastpost-small\">Letzter Beitrag:&nbsp;<a href=\"https:\/\/www.kein-alter-hut.de\/index.php\/forum-2\/topic\/avenue-charles-de-gaulle-15\/#postid-4\">Avenue Charles de Gaulle 15<\/a>&nbsp;&middot;&nbsp;<a href=\"https:\/\/www.kein-alter-hut.de\/index.php\/forum-2\/topic\/avenue-charles-de-gaulle-15\/#postid-4\">vor 2\u00a0Wochen<\/a>&nbsp;&middot;&nbsp;<a class=\"profile-link highlight-default\" href=\"https:\/\/www.kein-alter-hut.de\/index.php\/forum-2\/profile\/andree\/\">Andree<\/a><\/small><\/div><div class=\"forum-poster\"><div class=\"forum-poster-avatar\"><img alt='' src='https:\/\/secure.gravatar.com\/avatar\/8aec8d01805eb9772837e1cc1801231d325d6fbdaa71e06bb1232033e5200a34?s=40&#038;d=mm&#038;r=g' srcset='https:\/\/secure.gravatar.com\/avatar\/8aec8d01805eb9772837e1cc1801231d325d6fbdaa71e06bb1232033e5200a34?s=80&#038;d=mm&#038;r=g 2x' class='avatar avatar-40 photo' height='40' width='40' \/><\/div><div class=\"forum-poster-summary\"><a href=\"https:\/\/www.kein-alter-hut.de\/index.php\/forum-2\/topic\/avenue-charles-de-gaulle-15\/#postid-4\">Avenue Charles de Gaulle  &#8230;<\/a><br><small><a href=\"https:\/\/www.kein-alter-hut.de\/index.php\/forum-2\/topic\/avenue-charles-de-gaulle-15\/#postid-4\">vor 2\u00a0Wochen<\/a><span>&nbsp;&middot;&nbsp;<\/span><a class=\"profile-link highlight-default\" href=\"https:\/\/www.kein-alter-hut.de\/index.php\/forum-2\/profile\/andree\/\">Andree<\/a><\/small><\/div><\/div><\/div><div class=\"content-element forum\" id=\"forum-4\"><div class=\"forum-status unread\"><i class=\"fas fa-comments\"><\/i><\/div><div class=\"forum-name\"><a class=\"forum-title\" href=\"https:\/\/www.kein-alter-hut.de\/index.php\/forum-2\/forum\/verkehr-in-der-cite\/\">Verkehr in der Cit\u00e9<\/a><small class=\"forum-description\">Situation f\u00fcr Fussg\u00e4nger:innen und Radfahrer:innen, aber auch der Parkraum<\/small><small class=\"forum-stats\">2\u00a0Themen&nbsp;&middot;&nbsp;2\u00a0Beitr\u00e4ge<\/small><small class=\"forum-lastpost-small\">Letzter Beitrag:&nbsp;<a href=\"https:\/\/www.kein-alter-hut.de\/index.php\/forum-2\/topic\/elterntaxis-und-verkehrsberuhigung\/#postid-5\">Elterntaxis und Verkehrsberuhigung<\/a>&nbsp;&middot;&nbsp;<a href=\"https:\/\/www.kein-alter-hut.de\/index.php\/forum-2\/topic\/elterntaxis-und-verkehrsberuhigung\/#postid-5\">vor 2\u00a0Wochen<\/a>&nbsp;&middot;&nbsp;<a class=\"profile-link highlight-default\" href=\"https:\/\/www.kein-alter-hut.de\/index.php\/forum-2\/profile\/andree\/\">Andree<\/a><\/small><\/div><div class=\"forum-poster\"><div class=\"forum-poster-avatar\"><img alt='' src='https:\/\/secure.gravatar.com\/avatar\/8aec8d01805eb9772837e1cc1801231d325d6fbdaa71e06bb1232033e5200a34?s=40&#038;d=mm&#038;r=g' srcset='https:\/\/secure.gravatar.com\/avatar\/8aec8d01805eb9772837e1cc1801231d325d6fbdaa71e06bb1232033e5200a34?s=80&#038;d=mm&#038;r=g 2x' class='avatar avatar-40 photo' height='40' width='40' \/><\/div><div class=\"forum-poster-summary\"><a href=\"https:\/\/www.kein-alter-hut.de\/index.php\/forum-2\/topic\/elterntaxis-und-verkehrsberuhigung\/#postid-5\">Elterntaxis und Verkehrsb &#8230;<\/a><br><small><a href=\"https:\/\/www.kein-alter-hut.de\/index.php\/forum-2\/topic\/elterntaxis-und-verkehrsberuhigung\/#postid-5\">vor 2\u00a0Wochen<\/a><span>&nbsp;&middot;&nbsp;<\/span><a class=\"profile-link highlight-default\" href=\"https:\/\/www.kein-alter-hut.de\/index.php\/forum-2\/profile\/andree\/\">Andree<\/a><\/small><\/div><\/div><\/div><\/div><div id=\"read-unread\"><span class=\"indicator unread\"><\/span><span class=\"indicator-label\">Neue Beitr\u00e4ge<\/span><span class=\"indicator read\"><\/span><span class=\"indicator-label\">Nichts Neues<\/span><span class=\"indicator-label\"><span class=\"fas fa-check\"><\/span><a href=\"https:\/\/www.kein-alter-hut.de\/index.php\/forum-2\/markallread\/?_wpnonce=bcf6a02f7a\">Alle als Gelesen markieren<\/a><\/span><span class=\"indicator-label\"><span class=\"fas fa-history\"><\/span><a href=\"https:\/\/www.kein-alter-hut.de\/index.php\/forum-2\/unread\/\">Zeige ungelesene Themen<\/a><\/span><div class=\"clear\"><\/div><\/div><div id=\"statistics\"><div class=\"title-element title-element-dark\"><span class=\"title-element-icon fas fa-chart-pie\"><\/span>Statistiken<\/div><div id=\"statistics-body\"><div id=\"statistics-elements\"><div class=\"statistics-element\"><div class=\"element-number\"><span class=\"statistics-element-icon far fa-comments\"><\/span>4<\/div><div class=\"element-name\">Themen<\/div><\/div><div class=\"statistics-element\"><div class=\"element-number\"><span class=\"statistics-element-icon far fa-comment\"><\/span>4<\/div><div class=\"element-name\">Beitr\u00e4ge<\/div><\/div><div class=\"statistics-element\"><div class=\"element-number\"><span class=\"statistics-element-icon far fa-eye\"><\/span>107<\/div><div class=\"element-name\">Aufrufe<\/div><\/div><div class=\"statistics-element\"><div class=\"element-number\"><span class=\"statistics-element-icon far fa-user\"><\/span>30<\/div><div class=\"element-name\">Benutzer<\/div><\/div><div class=\"statistics-element\"><div class=\"element-number\"><span class=\"statistics-element-icon far fa-lightbulb\"><\/span>0<\/div><div class=\"element-name\">Online<\/div><\/div><\/div><div id=\"statistics-online-users\"><span class=\"online-users-icon fas fa-user\"><\/span>Neuestes Mitglied:&nbsp;<i><a class=\"profile-link highlight-default\" href=\"https:\/\/www.kein-alter-hut.de\/index.php\/forum-2\/profile\/rfnukqftabgcratvowcfp\/\">RfNukQFTabgCratVoWcFp<\/a><\/i>&nbsp;&middot;&nbsp;<span class=\"online-users-icon fas fa-users\"><\/span><i>Momentan ist niemand online.<\/i><\/div><\/div><div class=\"clear\"><\/div><\/div><div id=\"bottom-navigation\"><\/div><div class=\"clear\"><\/div><\/div>","protected":false},"excerpt":{"rendered":"<p>Forum Cit\u00e9 Foch \u2013 Austausch f\u00fcr Anwohnerinnen und Anwohner Die Cit\u00e9 Foch in Berlin-Reinickendorf entwickelt sich weiter. Mit dem beschlossenen Bebauungsplan entstehen neue Wohnungen, ein Schulneubau und weitere Ver\u00e4nderungen im Quartier. Viele Fragen rund&#46;&#46;&#46;<\/p>\n","protected":false},"author":1,"featured_media":0,"parent":0,"menu_order":0,"comment_status":"closed","ping_status":"closed","template":"","meta":{"footnotes":""},"class_list":["post-3453","page","type-page","status-publish","hentry"],"yoast_head":"<!-- This site is optimized with the Yoast SEO plugin v27.4 - https:\/\/yoast.com\/product\/yoast-seo-wordpress\/ -->\n<title>Forum - Sven Meyer MdA<\/title>\n<meta name=\"robots\" content=\"index, follow, max-snippet:-1, max-image-preview:large, max-video-preview:-1\" \/>\n<link rel=\"canonical\" href=\"https:\/\/www.kein-alter-hut.de\/index.php\/forum-2\/\" \/>\n<meta property=\"og:locale\" content=\"de_DE\" \/>\n<meta property=\"og:type\" content=\"article\" \/>\n<meta property=\"og:title\" content=\"Forum - Sven Meyer MdA\" \/>\n<meta property=\"og:description\" content=\"Forum Cit\u00e9 Foch \u2013 Austausch f\u00fcr Anwohnerinnen und Anwohner Die Cit\u00e9 Foch in Berlin-Reinickendorf entwickelt sich weiter. Mit dem beschlossenen Bebauungsplan entstehen neue Wohnungen, ein Schulneubau und weitere Ver\u00e4nderungen im Quartier. Viele Fragen rund&#046;&#046;&#046;\" \/>\n<meta property=\"og:url\" content=\"https:\/\/www.kein-alter-hut.de\/index.php\/forum-2\/\" \/>\n<meta property=\"og:site_name\" content=\"Sven Meyer MdA\" \/>\n<meta property=\"article:publisher\" content=\"https:\/\/www.facebook.com\/SvenMeyerReinickendorf\/\" \/>\n<meta property=\"article:modified_time\" content=\"2026-03-12T16:28:34+00:00\" \/>\n<meta name=\"twitter:card\" content=\"summary_large_image\" \/>\n<meta name=\"twitter:label1\" content=\"Gesch\u00e4tzte Lesezeit\" \/>\n\t<meta name=\"twitter:data1\" content=\"2\u00a0Minuten\" \/>\n<script type=\"application\/ld+json\" class=\"yoast-schema-graph\">{\"@context\":\"https:\\\/\\\/schema.org\",\"@graph\":[{\"@type\":\"WebPage\",\"@id\":\"https:\\\/\\\/www.kein-alter-hut.de\\\/index.php\\\/forum-2\\\/\",\"url\":\"https:\\\/\\\/www.kein-alter-hut.de\\\/index.php\\\/forum-2\\\/\",\"name\":\"Forum - Sven Meyer MdA\",\"isPartOf\":{\"@id\":\"https:\\\/\\\/www.kein-alter-hut.de\\\/#website\"},\"datePublished\":\"2026-03-12T12:49:52+00:00\",\"dateModified\":\"2026-03-12T16:28:34+00:00\",\"breadcrumb\":{\"@id\":\"https:\\\/\\\/www.kein-alter-hut.de\\\/index.php\\\/forum-2\\\/#breadcrumb\"},\"inLanguage\":\"de\",\"potentialAction\":[{\"@type\":\"ReadAction\",\"target\":[\"https:\\\/\\\/www.kein-alter-hut.de\\\/index.php\\\/forum-2\\\/\"]}]},{\"@type\":\"BreadcrumbList\",\"@id\":\"https:\\\/\\\/www.kein-alter-hut.de\\\/index.php\\\/forum-2\\\/#breadcrumb\",\"itemListElement\":[{\"@type\":\"ListItem\",\"position\":1,\"name\":\"Startseite\",\"item\":\"https:\\\/\\\/www.kein-alter-hut.de\\\/\"},{\"@type\":\"ListItem\",\"position\":2,\"name\":\"Forum\"}]},{\"@type\":\"WebSite\",\"@id\":\"https:\\\/\\\/www.kein-alter-hut.de\\\/#website\",\"url\":\"https:\\\/\\\/www.kein-alter-hut.de\\\/\",\"name\":\"Sven Meyer MdA\",\"description\":\"Sven Meyer - Ihr Abgeordneter f\u00fcr Wittenau, Waidmannslust, Borsigwalde und Tegel\",\"potentialAction\":[{\"@type\":\"SearchAction\",\"target\":{\"@type\":\"EntryPoint\",\"urlTemplate\":\"https:\\\/\\\/www.kein-alter-hut.de\\\/?s={search_term_string}\"},\"query-input\":{\"@type\":\"PropertyValueSpecification\",\"valueRequired\":true,\"valueName\":\"search_term_string\"}}],\"inLanguage\":\"de\"}]}<\/script>\n<!-- \/ Yoast SEO plugin. -->","yoast_head_json":{"title":"Forum - Sven Meyer MdA","robots":{"index":"index","follow":"follow","max-snippet":"max-snippet:-1","max-image-preview":"max-image-preview:large","max-video-preview":"max-video-preview:-1"},"canonical":"https:\/\/www.kein-alter-hut.de\/index.php\/forum-2\/","og_locale":"de_DE","og_type":"article","og_title":"Forum - Sven Meyer MdA","og_description":"Forum Cit\u00e9 Foch \u2013 Austausch f\u00fcr Anwohnerinnen und Anwohner Die Cit\u00e9 Foch in Berlin-Reinickendorf entwickelt sich weiter. Mit dem beschlossenen Bebauungsplan entstehen neue Wohnungen, ein Schulneubau und weitere Ver\u00e4nderungen im Quartier. Viele Fragen rund&#46;&#46;&#46;","og_url":"https:\/\/www.kein-alter-hut.de\/index.php\/forum-2\/","og_site_name":"Sven Meyer MdA","article_publisher":"https:\/\/www.facebook.com\/SvenMeyerReinickendorf\/","article_modified_time":"2026-03-12T16:28:34+00:00","twitter_card":"summary_large_image","twitter_misc":{"Gesch\u00e4tzte Lesezeit":"2\u00a0Minuten"},"schema":{"@context":"https:\/\/schema.org","@graph":[{"@type":"WebPage","@id":"https:\/\/www.kein-alter-hut.de\/index.php\/forum-2\/","url":"https:\/\/www.kein-alter-hut.de\/index.php\/forum-2\/","name":"Forum - Sven Meyer MdA","isPartOf":{"@id":"https:\/\/www.kein-alter-hut.de\/#website"},"datePublished":"2026-03-12T12:49:52+00:00","dateModified":"2026-03-12T16:28:34+00:00","breadcrumb":{"@id":"https:\/\/www.kein-alter-hut.de\/index.php\/forum-2\/#breadcrumb"},"inLanguage":"de","potentialAction":[{"@type":"ReadAction","target":["https:\/\/www.kein-alter-hut.de\/index.php\/forum-2\/"]}]},{"@type":"BreadcrumbList","@id":"https:\/\/www.kein-alter-hut.de\/index.php\/forum-2\/#breadcrumb","itemListElement":[{"@type":"ListItem","position":1,"name":"Startseite","item":"https:\/\/www.kein-alter-hut.de\/"},{"@type":"ListItem","position":2,"name":"Forum"}]},{"@type":"WebSite","@id":"https:\/\/www.kein-alter-hut.de\/#website","url":"https:\/\/www.kein-alter-hut.de\/","name":"Sven Meyer MdA","description":"Sven Meyer - Ihr Abgeordneter f\u00fcr Wittenau, Waidmannslust, Borsigwalde und Tegel","potentialAction":[{"@type":"SearchAction","target":{"@type":"EntryPoint","urlTemplate":"https:\/\/www.kein-alter-hut.de\/?s={search_term_string}"},"query-input":{"@type":"PropertyValueSpecification","valueRequired":true,"valueName":"search_term_string"}}],"inLanguage":"de"}]}},"_links":{"self":[{"href":"https:\/\/www.kein-alter-hut.de\/index.php\/wp-json\/wp\/v2\/pages\/3453","targetHints":{"allow":["GET"]}}],"collection":[{"href":"https:\/\/www.kein-alter-hut.de\/index.php\/wp-json\/wp\/v2\/pages"}],"about":[{"href":"https:\/\/www.kein-alter-hut.de\/index.php\/wp-json\/wp\/v2\/types\/page"}],"author":[{"embeddable":true,"href":"https:\/\/www.kein-alter-hut.de\/index.php\/wp-json\/wp\/v2\/users\/1"}],"replies":[{"embeddable":true,"href":"https:\/\/www.kein-alter-hut.de\/index.php\/wp-json\/wp\/v2\/comments?post=3453"}],"version-history":[{"count":3,"href":"https:\/\/www.kein-alter-hut.de\/index.php\/wp-json\/wp\/v2\/pages\/3453\/revisions"}],"predecessor-version":[{"id":3460,"href":"https:\/\/www.kein-alter-hut.de\/index.php\/wp-json\/wp\/v2\/pages\/3453\/revisions\/3460"}],"wp:attachment":[{"href":"https:\/\/www.kein-alter-hut.de\/index.php\/wp-json\/wp\/v2\/media?parent=3453"}],"curies":[{"name":"wp","href":"https:\/\/api.w.org\/{rel}","templated":true}]}}