{"id":43,"date":"2022-10-19T08:25:03","date_gmt":"2022-10-19T08:25:03","guid":{"rendered":"https:\/\/www.kein-alter-hut.de\/?page_id=43"},"modified":"2023-07-13T09:49:53","modified_gmt":"2023-07-13T09:49:53","slug":"ueber-mich","status":"publish","type":"page","link":"https:\/\/www.kein-alter-hut.de\/index.php\/ueber-mich\/","title":{"rendered":"\u00dcber mich"},"content":{"rendered":"<div class=\"wp-block-image\">\n<figure class=\"alignleft size-large is-resized\"><img fetchpriority=\"high\" decoding=\"async\" src=\"https:\/\/www.kein-alter-hut.de\/wp-content\/uploads\/2022\/10\/DSC_2497-1038x576-1-1024x568.jpg\" alt=\"\" class=\"wp-image-205\" width=\"512\" height=\"284\" srcset=\"https:\/\/www.kein-alter-hut.de\/wp-content\/uploads\/2022\/10\/DSC_2497-1038x576-1-1024x568.jpg 1024w, https:\/\/www.kein-alter-hut.de\/wp-content\/uploads\/2022\/10\/DSC_2497-1038x576-1-300x166.jpg 300w, https:\/\/www.kein-alter-hut.de\/wp-content\/uploads\/2022\/10\/DSC_2497-1038x576-1-768x426.jpg 768w, https:\/\/www.kein-alter-hut.de\/wp-content\/uploads\/2022\/10\/DSC_2497-1038x576-1.jpg 1038w\" sizes=\"(max-width: 512px) 100vw, 512px\" \/><\/figure>\n<\/div>\n\n\n<p>Ich wurde 1975 in Reinickendorf geboren und studierte an der Freien Universit\u00e4t Berlin Philosophie, Geschichte und Politik mit einem Schwerpunkt auf Medizinethik und Medizingeschichte<strong>. Seit der Wahl 2021 bin ich Mitglied des Abgeordnetenhauses und dort Sprecher f\u00fcr Arbeit und Ausbildung. Ich bin Mitglied in den Aussch\u00fcssen f\u00fcr Arbeit und Soziales sowie Bildung, Jugend und Familie und schlie\u00dflich Bundes-und Europaangelegenheiten, Medien.<\/strong><\/p>\n\n\n\n<p>Zuvor arbeitete ich als Dozent in der Ausbildung von Pflegekr\u00e4ften, Sozialassistenten und Sicherheitsmitarbeiter*innen. Bei meiner Arbeit erlebte ich t\u00e4glich, die dringende Notwendigkeit, Menschen in helfenden Berufen mehr zu unterst\u00fctzen und die Rahmenbedingungen f\u00fcr ein angemessenes Pflegeumfeld f\u00fcr beide Seiten zu schaffen. <\/p>\n\n\n\n<p>Ich bin Vorsitzender der AfA Reinickendorf, dem Arbeitnehmerfl\u00fcgel der SPD und Mitglied im Vorstand des DGB-Kreisverbandes Reinickendorf.<\/p>\n\n\n\n<p><strong>Jeder Mensch verdient gleicherma\u00dfen Respekt und Anerkennung! Dazu geh\u00f6ren auch entsprechende Arbeitsbedingungen. Dieser Grundsatz muss \u00fcberall, ohne Ausnahme, gelten und daf\u00fcr k\u00e4mpfe ich auch als Abgeordneter!<\/strong><\/p>\n","protected":false},"excerpt":{"rendered":"<p>Ich wurde 1975 in Reinickendorf geboren und studierte an der Freien Universit\u00e4t Berlin Philosophie, Geschichte und Politik mit einem Schwerpunkt auf Medizinethik und Medizingeschichte. Seit der Wahl 2021 bin ich Mitglied des Abgeordnetenhauses und&#46;&#46;&#46;<\/p>\n","protected":false},"author":1,"featured_media":205,"parent":0,"menu_order":0,"comment_status":"closed","ping_status":"closed","template":"","meta":{"footnotes":""},"class_list":["post-43","page","type-page","status-publish","has-post-thumbnail","hentry"],"yoast_head":"<!-- This site is optimized with the Yoast SEO plugin v27.5 - https:\/\/yoast.com\/product\/yoast-seo-wordpress\/ -->\n<title>\u00dcber mich - Sven Meyer MdA<\/title>\n<meta name=\"robots\" content=\"index, follow, max-snippet:-1, max-image-preview:large, max-video-preview:-1\" \/>\n<link rel=\"canonical\" href=\"https:\/\/www.kein-alter-hut.de\/index.php\/ueber-mich\/\" \/>\n<meta property=\"og:locale\" content=\"de_DE\" \/>\n<meta property=\"og:type\" content=\"article\" \/>\n<meta property=\"og:title\" content=\"\u00dcber mich - Sven Meyer MdA\" \/>\n<meta property=\"og:description\" content=\"Ich wurde 1975 in Reinickendorf geboren und studierte an der Freien Universit\u00e4t Berlin Philosophie, Geschichte und Politik mit einem Schwerpunkt auf Medizinethik und Medizingeschichte. Seit der Wahl 2021 bin ich Mitglied des Abgeordnetenhauses und&#046;&#046;&#046;\" \/>\n<meta property=\"og:url\" content=\"https:\/\/www.kein-alter-hut.de\/index.php\/ueber-mich\/\" \/>\n<meta property=\"og:site_name\" content=\"Sven Meyer MdA\" \/>\n<meta property=\"article:publisher\" content=\"https:\/\/www.facebook.com\/SvenMeyerReinickendorf\/\" \/>\n<meta property=\"article:modified_time\" content=\"2023-07-13T09:49:53+00:00\" \/>\n<meta property=\"og:image\" content=\"https:\/\/www.kein-alter-hut.de\/wp-content\/uploads\/2022\/10\/DSC_2497-1038x576-1.jpg\" \/>\n\t<meta property=\"og:image:width\" content=\"1038\" \/>\n\t<meta property=\"og:image:height\" content=\"576\" \/>\n\t<meta property=\"og:image:type\" content=\"image\/jpeg\" \/>\n<meta name=\"twitter:card\" content=\"summary_large_image\" \/>\n<meta name=\"twitter:label1\" content=\"Gesch\u00e4tzte Lesezeit\" \/>\n\t<meta name=\"twitter:data1\" content=\"2\u00a0Minuten\" \/>\n<script type=\"application\/ld+json\" class=\"yoast-schema-graph\">{\"@context\":\"https:\\\/\\\/schema.org\",\"@graph\":[{\"@type\":\"WebPage\",\"@id\":\"https:\\\/\\\/www.kein-alter-hut.de\\\/index.php\\\/ueber-mich\\\/\",\"url\":\"https:\\\/\\\/www.kein-alter-hut.de\\\/index.php\\\/ueber-mich\\\/\",\"name\":\"\u00dcber mich - Sven Meyer MdA\",\"isPartOf\":{\"@id\":\"https:\\\/\\\/www.kein-alter-hut.de\\\/#website\"},\"primaryImageOfPage\":{\"@id\":\"https:\\\/\\\/www.kein-alter-hut.de\\\/index.php\\\/ueber-mich\\\/#primaryimage\"},\"image\":{\"@id\":\"https:\\\/\\\/www.kein-alter-hut.de\\\/index.php\\\/ueber-mich\\\/#primaryimage\"},\"thumbnailUrl\":\"https:\\\/\\\/www.kein-alter-hut.de\\\/wp-content\\\/uploads\\\/2022\\\/10\\\/DSC_2497-1038x576-1.jpg\",\"datePublished\":\"2022-10-19T08:25:03+00:00\",\"dateModified\":\"2023-07-13T09:49:53+00:00\",\"breadcrumb\":{\"@id\":\"https:\\\/\\\/www.kein-alter-hut.de\\\/index.php\\\/ueber-mich\\\/#breadcrumb\"},\"inLanguage\":\"de\",\"potentialAction\":[{\"@type\":\"ReadAction\",\"target\":[\"https:\\\/\\\/www.kein-alter-hut.de\\\/index.php\\\/ueber-mich\\\/\"]}]},{\"@type\":\"ImageObject\",\"inLanguage\":\"de\",\"@id\":\"https:\\\/\\\/www.kein-alter-hut.de\\\/index.php\\\/ueber-mich\\\/#primaryimage\",\"url\":\"https:\\\/\\\/www.kein-alter-hut.de\\\/wp-content\\\/uploads\\\/2022\\\/10\\\/DSC_2497-1038x576-1.jpg\",\"contentUrl\":\"https:\\\/\\\/www.kein-alter-hut.de\\\/wp-content\\\/uploads\\\/2022\\\/10\\\/DSC_2497-1038x576-1.jpg\",\"width\":1038,\"height\":576},{\"@type\":\"BreadcrumbList\",\"@id\":\"https:\\\/\\\/www.kein-alter-hut.de\\\/index.php\\\/ueber-mich\\\/#breadcrumb\",\"itemListElement\":[{\"@type\":\"ListItem\",\"position\":1,\"name\":\"Startseite\",\"item\":\"https:\\\/\\\/www.kein-alter-hut.de\\\/\"},{\"@type\":\"ListItem\",\"position\":2,\"name\":\"\u00dcber mich\"}]},{\"@type\":\"WebSite\",\"@id\":\"https:\\\/\\\/www.kein-alter-hut.de\\\/#website\",\"url\":\"https:\\\/\\\/www.kein-alter-hut.de\\\/\",\"name\":\"Sven Meyer MdA\",\"description\":\"Sven Meyer - Ihr Abgeordneter f\u00fcr Wittenau, Waidmannslust, Borsigwalde und Tegel\",\"potentialAction\":[{\"@type\":\"SearchAction\",\"target\":{\"@type\":\"EntryPoint\",\"urlTemplate\":\"https:\\\/\\\/www.kein-alter-hut.de\\\/?s={search_term_string}\"},\"query-input\":{\"@type\":\"PropertyValueSpecification\",\"valueRequired\":true,\"valueName\":\"search_term_string\"}}],\"inLanguage\":\"de\"}]}<\/script>\n<!-- \/ Yoast SEO plugin. -->","yoast_head_json":{"title":"\u00dcber mich - Sven Meyer MdA","robots":{"index":"index","follow":"follow","max-snippet":"max-snippet:-1","max-image-preview":"max-image-preview:large","max-video-preview":"max-video-preview:-1"},"canonical":"https:\/\/www.kein-alter-hut.de\/index.php\/ueber-mich\/","og_locale":"de_DE","og_type":"article","og_title":"\u00dcber mich - Sven Meyer MdA","og_description":"Ich wurde 1975 in Reinickendorf geboren und studierte an der Freien Universit\u00e4t Berlin Philosophie, Geschichte und Politik mit einem Schwerpunkt auf Medizinethik und Medizingeschichte. Seit der Wahl 2021 bin ich Mitglied des Abgeordnetenhauses und&#46;&#46;&#46;","og_url":"https:\/\/www.kein-alter-hut.de\/index.php\/ueber-mich\/","og_site_name":"Sven Meyer MdA","article_publisher":"https:\/\/www.facebook.com\/SvenMeyerReinickendorf\/","article_modified_time":"2023-07-13T09:49:53+00:00","og_image":[{"width":1038,"height":576,"url":"https:\/\/www.kein-alter-hut.de\/wp-content\/uploads\/2022\/10\/DSC_2497-1038x576-1.jpg","type":"image\/jpeg"}],"twitter_card":"summary_large_image","twitter_misc":{"Gesch\u00e4tzte Lesezeit":"2\u00a0Minuten"},"schema":{"@context":"https:\/\/schema.org","@graph":[{"@type":"WebPage","@id":"https:\/\/www.kein-alter-hut.de\/index.php\/ueber-mich\/","url":"https:\/\/www.kein-alter-hut.de\/index.php\/ueber-mich\/","name":"\u00dcber mich - Sven Meyer MdA","isPartOf":{"@id":"https:\/\/www.kein-alter-hut.de\/#website"},"primaryImageOfPage":{"@id":"https:\/\/www.kein-alter-hut.de\/index.php\/ueber-mich\/#primaryimage"},"image":{"@id":"https:\/\/www.kein-alter-hut.de\/index.php\/ueber-mich\/#primaryimage"},"thumbnailUrl":"https:\/\/www.kein-alter-hut.de\/wp-content\/uploads\/2022\/10\/DSC_2497-1038x576-1.jpg","datePublished":"2022-10-19T08:25:03+00:00","dateModified":"2023-07-13T09:49:53+00:00","breadcrumb":{"@id":"https:\/\/www.kein-alter-hut.de\/index.php\/ueber-mich\/#breadcrumb"},"inLanguage":"de","potentialAction":[{"@type":"ReadAction","target":["https:\/\/www.kein-alter-hut.de\/index.php\/ueber-mich\/"]}]},{"@type":"ImageObject","inLanguage":"de","@id":"https:\/\/www.kein-alter-hut.de\/index.php\/ueber-mich\/#primaryimage","url":"https:\/\/www.kein-alter-hut.de\/wp-content\/uploads\/2022\/10\/DSC_2497-1038x576-1.jpg","contentUrl":"https:\/\/www.kein-alter-hut.de\/wp-content\/uploads\/2022\/10\/DSC_2497-1038x576-1.jpg","width":1038,"height":576},{"@type":"BreadcrumbList","@id":"https:\/\/www.kein-alter-hut.de\/index.php\/ueber-mich\/#breadcrumb","itemListElement":[{"@type":"ListItem","position":1,"name":"Startseite","item":"https:\/\/www.kein-alter-hut.de\/"},{"@type":"ListItem","position":2,"name":"\u00dcber mich"}]},{"@type":"WebSite","@id":"https:\/\/www.kein-alter-hut.de\/#website","url":"https:\/\/www.kein-alter-hut.de\/","name":"Sven Meyer MdA","description":"Sven Meyer - Ihr Abgeordneter f\u00fcr Wittenau, Waidmannslust, Borsigwalde und Tegel","potentialAction":[{"@type":"SearchAction","target":{"@type":"EntryPoint","urlTemplate":"https:\/\/www.kein-alter-hut.de\/?s={search_term_string}"},"query-input":{"@type":"PropertyValueSpecification","valueRequired":true,"valueName":"search_term_string"}}],"inLanguage":"de"}]}},"_links":{"self":[{"href":"https:\/\/www.kein-alter-hut.de\/index.php\/wp-json\/wp\/v2\/pages\/43","targetHints":{"allow":["GET"]}}],"collection":[{"href":"https:\/\/www.kein-alter-hut.de\/index.php\/wp-json\/wp\/v2\/pages"}],"about":[{"href":"https:\/\/www.kein-alter-hut.de\/index.php\/wp-json\/wp\/v2\/types\/page"}],"author":[{"embeddable":true,"href":"https:\/\/www.kein-alter-hut.de\/index.php\/wp-json\/wp\/v2\/users\/1"}],"replies":[{"embeddable":true,"href":"https:\/\/www.kein-alter-hut.de\/index.php\/wp-json\/wp\/v2\/comments?post=43"}],"version-history":[{"count":9,"href":"https:\/\/www.kein-alter-hut.de\/index.php\/wp-json\/wp\/v2\/pages\/43\/revisions"}],"predecessor-version":[{"id":1027,"href":"https:\/\/www.kein-alter-hut.de\/index.php\/wp-json\/wp\/v2\/pages\/43\/revisions\/1027"}],"wp:featuredmedia":[{"embeddable":true,"href":"https:\/\/www.kein-alter-hut.de\/index.php\/wp-json\/wp\/v2\/media\/205"}],"wp:attachment":[{"href":"https:\/\/www.kein-alter-hut.de\/index.php\/wp-json\/wp\/v2\/media?parent=43"}],"curies":[{"name":"wp","href":"https:\/\/api.w.org\/{rel}","templated":true}]}}