{"id":443,"date":"2023-01-09T09:45:32","date_gmt":"2023-01-09T09:45:32","guid":{"rendered":"https:\/\/www.kein-alter-hut.de\/?page_id=443"},"modified":"2025-11-10T13:49:00","modified_gmt":"2025-11-10T13:49:00","slug":"kiezputz","status":"publish","type":"page","link":"https:\/\/www.kein-alter-hut.de\/index.php\/kiezputz\/","title":{"rendered":"Kiezputz"},"content":{"rendered":"\n<p class=\"has-medium-font-size\"><strong>Sie m\u00f6chten Ihren Kiez versch\u00f6nern? Fangen wir gemeinsam damit an&#8230;<\/strong><\/p>\n\n\n\n<p>Mit Unterst\u00fctzung durch das <strong><a href=\"https:\/\/www.kehrenbuerger.de\/\" target=\"_blank\" rel=\"noreferrer noopener\">\u2192Kehrenb\u00fcrger-Projekt<\/a><\/strong> der BSR spazieren Sven Meyer und sein Team regelm\u00e4\u00dfig mit engagierten B\u00fcrger:innen durch unseren Wahlkreis, um ihn von achtlos weggeworfenem M\u00fcll zu s\u00e4ubern. Gr\u00fcnanlagen und Spielpl\u00e4tze z\u00e4hlen zu den Fl\u00e4chen, auf  denen die Stadteinigung nicht f\u00fcr die Instandhaltung verantwortlich ist; wir sehen nicht weg und \u00fcberlassen die Reinigung und Versch\u00f6nerung anderen, wir packen selbst an und haben auch noch Spa\u00df dabei.<\/p>\n\n\n\n<p>Unterst\u00fctzen Sie uns, wenn Sie in einem tollen Team etwas Sinnvolles f\u00fcr Ihren und unseren Kiez tun wollen. Die regelm\u00e4\u00dfig aktualisierten Termine finden Sie hier auf unserer Website.<\/p>\n\n\n\n<p>Unsere bisherigen Aktionen &#8211; und unsere kommenden:<\/p>\n\n\n\n<ul class=\"wp-block-list\">\n<li>21.August 2022:  Spielplatz, Sportpl\u00e4tze und die Calisthenics-Anlage an der Humboldtschule;<\/li>\n\n\n\n<li>9.Oktober: Spielplatz am S-Bahnhof Tegel;<\/li>\n\n\n\n<li>17.Dezember: Spielplatz am Buddeplatz;<\/li>\n\n\n\n<li>8.Januar 2023: Spielplatz am S-Bahnhof Tegel;<\/li>\n\n\n\n<li>12.M\u00e4rz 2023: Gr\u00fcnanlage und Spielplatz am S-Bahnhof Tegel;<\/li>\n\n\n\n<li>23.4.2023: Buddeplatz und Umgebung<\/li>\n\n\n\n<li>11.6.: Schneckenbr\u00fccke und Umgebung<\/li>\n\n\n\n<li>3.Juni 2024: Rollberge<\/li>\n\n\n\n<li>1.August: Drachenwiese<\/li>\n\n\n\n<li>16.8.: Schneckenbr\u00fccke (Tegeler Seite)<\/li>\n\n\n\n<li>20.9.: Borsigpark zwischen den Sportpl\u00e4tzen (World Cleanup Day)<\/li>\n\n\n\n<li>18.5.2025: S-Bhf Tegel (Borsigwalder Seite)<\/li>\n\n\n\n<li>1.8.: Gr\u00fcnfl\u00e4chen, Spielplatz, Calisthenics-Anlage an der Humboldtschule<\/li>\n\n\n\n<li>20.9.: Rund um die Schneckenbr\u00fccke zum World Cleanup Day<\/li>\n<\/ul>\n\n\n\n<figure class=\"wp-block-gallery has-nested-images columns-default is-cropped wp-block-gallery-1 is-layout-flex wp-block-gallery-is-layout-flex\">\n<figure class=\"wp-block-image size-large\"><img fetchpriority=\"high\" decoding=\"async\" width=\"1024\" height=\"768\" data-id=\"448\" src=\"https:\/\/www.kein-alter-hut.de\/wp-content\/uploads\/2023\/01\/MVIMG_20221009_145710_red-1024x768.jpg\" alt=\"\" class=\"wp-image-448\" srcset=\"https:\/\/www.kein-alter-hut.de\/wp-content\/uploads\/2023\/01\/MVIMG_20221009_145710_red-1024x768.jpg 1024w, https:\/\/www.kein-alter-hut.de\/wp-content\/uploads\/2023\/01\/MVIMG_20221009_145710_red-300x225.jpg 300w, https:\/\/www.kein-alter-hut.de\/wp-content\/uploads\/2023\/01\/MVIMG_20221009_145710_red-768x576.jpg 768w, https:\/\/www.kein-alter-hut.de\/wp-content\/uploads\/2023\/01\/MVIMG_20221009_145710_red-1536x1152.jpg 1536w, https:\/\/www.kein-alter-hut.de\/wp-content\/uploads\/2023\/01\/MVIMG_20221009_145710_red-2048x1536.jpg 2048w\" sizes=\"(max-width: 1024px) 100vw, 1024px\" \/><\/figure>\n\n\n\n<figure class=\"wp-block-image size-large\"><img decoding=\"async\" width=\"768\" height=\"1024\" data-id=\"452\" src=\"https:\/\/www.kein-alter-hut.de\/wp-content\/uploads\/2023\/01\/MVIMG_20221009_151847-red-768x1024.jpg\" alt=\"\" class=\"wp-image-452\" srcset=\"https:\/\/www.kein-alter-hut.de\/wp-content\/uploads\/2023\/01\/MVIMG_20221009_151847-red-768x1024.jpg 768w, https:\/\/www.kein-alter-hut.de\/wp-content\/uploads\/2023\/01\/MVIMG_20221009_151847-red-225x300.jpg 225w, https:\/\/www.kein-alter-hut.de\/wp-content\/uploads\/2023\/01\/MVIMG_20221009_151847-red-1152x1536.jpg 1152w, https:\/\/www.kein-alter-hut.de\/wp-content\/uploads\/2023\/01\/MVIMG_20221009_151847-red-1536x2048.jpg 1536w, https:\/\/www.kein-alter-hut.de\/wp-content\/uploads\/2023\/01\/MVIMG_20221009_151847-red-scaled.jpg 1920w\" sizes=\"(max-width: 768px) 100vw, 768px\" \/><\/figure>\n\n\n\n<figure class=\"wp-block-image size-large\"><img decoding=\"async\" width=\"768\" height=\"1024\" data-id=\"450\" src=\"https:\/\/www.kein-alter-hut.de\/wp-content\/uploads\/2023\/01\/MVIMG_20221009_153620-red-768x1024.jpg\" alt=\"\" class=\"wp-image-450\" srcset=\"https:\/\/www.kein-alter-hut.de\/wp-content\/uploads\/2023\/01\/MVIMG_20221009_153620-red-768x1024.jpg 768w, https:\/\/www.kein-alter-hut.de\/wp-content\/uploads\/2023\/01\/MVIMG_20221009_153620-red-225x300.jpg 225w, https:\/\/www.kein-alter-hut.de\/wp-content\/uploads\/2023\/01\/MVIMG_20221009_153620-red-1152x1536.jpg 1152w, https:\/\/www.kein-alter-hut.de\/wp-content\/uploads\/2023\/01\/MVIMG_20221009_153620-red-1536x2048.jpg 1536w, https:\/\/www.kein-alter-hut.de\/wp-content\/uploads\/2023\/01\/MVIMG_20221009_153620-red-scaled.jpg 1920w\" sizes=\"(max-width: 768px) 100vw, 768px\" \/><\/figure>\n\n\n\n<figure class=\"wp-block-image size-large\"><img loading=\"lazy\" decoding=\"async\" width=\"1024\" height=\"768\" data-id=\"451\" src=\"https:\/\/www.kein-alter-hut.de\/wp-content\/uploads\/2023\/01\/MVIMG_20221009_154055-red-1024x768.jpg\" alt=\"\" class=\"wp-image-451\" srcset=\"https:\/\/www.kein-alter-hut.de\/wp-content\/uploads\/2023\/01\/MVIMG_20221009_154055-red-1024x768.jpg 1024w, https:\/\/www.kein-alter-hut.de\/wp-content\/uploads\/2023\/01\/MVIMG_20221009_154055-red-300x225.jpg 300w, https:\/\/www.kein-alter-hut.de\/wp-content\/uploads\/2023\/01\/MVIMG_20221009_154055-red-768x576.jpg 768w, https:\/\/www.kein-alter-hut.de\/wp-content\/uploads\/2023\/01\/MVIMG_20221009_154055-red-1536x1152.jpg 1536w, https:\/\/www.kein-alter-hut.de\/wp-content\/uploads\/2023\/01\/MVIMG_20221009_154055-red-2048x1536.jpg 2048w\" sizes=\"(max-width: 1024px) 100vw, 1024px\" \/><\/figure>\n\n\n\n<figure class=\"wp-block-image size-large\"><img loading=\"lazy\" decoding=\"async\" width=\"484\" height=\"1024\" data-id=\"447\" src=\"https:\/\/www.kein-alter-hut.de\/wp-content\/uploads\/2023\/01\/signal-2022-07-18-181433_001-484x1024.jpeg\" alt=\"\" class=\"wp-image-447\" srcset=\"https:\/\/www.kein-alter-hut.de\/wp-content\/uploads\/2023\/01\/signal-2022-07-18-181433_001-484x1024.jpeg 484w, https:\/\/www.kein-alter-hut.de\/wp-content\/uploads\/2023\/01\/signal-2022-07-18-181433_001-142x300.jpeg 142w, https:\/\/www.kein-alter-hut.de\/wp-content\/uploads\/2023\/01\/signal-2022-07-18-181433_001-727x1536.jpeg 727w, https:\/\/www.kein-alter-hut.de\/wp-content\/uploads\/2023\/01\/signal-2022-07-18-181433_001.jpeg 757w\" sizes=\"(max-width: 484px) 100vw, 484px\" \/><\/figure>\n\n\n\n<figure class=\"wp-block-image size-large\"><img loading=\"lazy\" decoding=\"async\" width=\"1024\" height=\"769\" data-id=\"449\" src=\"https:\/\/www.kein-alter-hut.de\/wp-content\/uploads\/2023\/01\/signal-2022-10-09-165748_002-1024x769.jpeg\" alt=\"\" class=\"wp-image-449\" srcset=\"https:\/\/www.kein-alter-hut.de\/wp-content\/uploads\/2023\/01\/signal-2022-10-09-165748_002-1024x769.jpeg 1024w, https:\/\/www.kein-alter-hut.de\/wp-content\/uploads\/2023\/01\/signal-2022-10-09-165748_002-300x225.jpeg 300w, https:\/\/www.kein-alter-hut.de\/wp-content\/uploads\/2023\/01\/signal-2022-10-09-165748_002-768x576.jpeg 768w, https:\/\/www.kein-alter-hut.de\/wp-content\/uploads\/2023\/01\/signal-2022-10-09-165748_002-1536x1153.jpeg 1536w, https:\/\/www.kein-alter-hut.de\/wp-content\/uploads\/2023\/01\/signal-2022-10-09-165748_002.jpeg 2048w\" sizes=\"(max-width: 1024px) 100vw, 1024px\" \/><\/figure>\n<\/figure>\n\n\n\n<figure class=\"wp-block-gallery alignleft has-nested-images columns-default is-cropped wp-block-gallery-2 is-layout-flex wp-block-gallery-is-layout-flex\">\n<figure class=\"wp-block-image size-large\"><img loading=\"lazy\" decoding=\"async\" width=\"1024\" height=\"768\" data-id=\"610\" src=\"https:\/\/www.kein-alter-hut.de\/wp-content\/uploads\/2023\/03\/signal-2023-03-13-09-23-44-479-1-1024x768.jpg\" alt=\"\" class=\"wp-image-610\" srcset=\"https:\/\/www.kein-alter-hut.de\/wp-content\/uploads\/2023\/03\/signal-2023-03-13-09-23-44-479-1-1024x768.jpg 1024w, https:\/\/www.kein-alter-hut.de\/wp-content\/uploads\/2023\/03\/signal-2023-03-13-09-23-44-479-1-300x225.jpg 300w, https:\/\/www.kein-alter-hut.de\/wp-content\/uploads\/2023\/03\/signal-2023-03-13-09-23-44-479-1-768x576.jpg 768w, https:\/\/www.kein-alter-hut.de\/wp-content\/uploads\/2023\/03\/signal-2023-03-13-09-23-44-479-1-1536x1152.jpg 1536w, https:\/\/www.kein-alter-hut.de\/wp-content\/uploads\/2023\/03\/signal-2023-03-13-09-23-44-479-1.jpg 2048w\" sizes=\"(max-width: 1024px) 100vw, 1024px\" \/><\/figure>\n<\/figure>\n","protected":false},"excerpt":{"rendered":"<p>Sie m\u00f6chten Ihren Kiez versch\u00f6nern? Fangen wir gemeinsam damit an&#8230; Mit Unterst\u00fctzung durch das \u2192Kehrenb\u00fcrger-Projekt der BSR spazieren Sven Meyer und sein Team regelm\u00e4\u00dfig mit engagierten B\u00fcrger:innen durch unseren Wahlkreis, um ihn von achtlos&#46;&#46;&#46;<\/p>\n","protected":false},"author":1,"featured_media":0,"parent":0,"menu_order":0,"comment_status":"closed","ping_status":"closed","template":"","meta":{"footnotes":""},"class_list":["post-443","page","type-page","status-publish","hentry"],"yoast_head":"<!-- This site is optimized with the Yoast SEO plugin v27.4 - https:\/\/yoast.com\/product\/yoast-seo-wordpress\/ -->\n<title>Kiezputz - Sven Meyer MdA<\/title>\n<meta name=\"robots\" content=\"index, follow, max-snippet:-1, max-image-preview:large, max-video-preview:-1\" \/>\n<link rel=\"canonical\" href=\"https:\/\/www.kein-alter-hut.de\/index.php\/kiezputz\/\" \/>\n<meta property=\"og:locale\" content=\"de_DE\" \/>\n<meta property=\"og:type\" content=\"article\" \/>\n<meta property=\"og:title\" content=\"Kiezputz - Sven Meyer MdA\" \/>\n<meta property=\"og:description\" content=\"Sie m\u00f6chten Ihren Kiez versch\u00f6nern? Fangen wir gemeinsam damit an&#8230; Mit Unterst\u00fctzung durch das \u2192Kehrenb\u00fcrger-Projekt der BSR spazieren Sven Meyer und sein Team regelm\u00e4\u00dfig mit engagierten B\u00fcrger:innen durch unseren Wahlkreis, um ihn von achtlos&#046;&#046;&#046;\" \/>\n<meta property=\"og:url\" content=\"https:\/\/www.kein-alter-hut.de\/index.php\/kiezputz\/\" \/>\n<meta property=\"og:site_name\" content=\"Sven Meyer MdA\" \/>\n<meta property=\"article:publisher\" content=\"https:\/\/www.facebook.com\/SvenMeyerReinickendorf\/\" \/>\n<meta property=\"article:modified_time\" content=\"2025-11-10T13:49:00+00:00\" \/>\n<meta property=\"og:image\" content=\"https:\/\/www.kein-alter-hut.de\/wp-content\/uploads\/2023\/01\/MVIMG_20221009_145710_red-scaled.jpg\" \/>\n\t<meta property=\"og:image:width\" content=\"2560\" \/>\n\t<meta property=\"og:image:height\" content=\"1920\" \/>\n\t<meta property=\"og:image:type\" content=\"image\/jpeg\" \/>\n<meta name=\"twitter:card\" content=\"summary_large_image\" \/>\n<meta name=\"twitter:label1\" content=\"Gesch\u00e4tzte Lesezeit\" \/>\n\t<meta name=\"twitter:data1\" content=\"3\u00a0Minuten\" \/>\n<script type=\"application\/ld+json\" class=\"yoast-schema-graph\">{\"@context\":\"https:\\\/\\\/schema.org\",\"@graph\":[{\"@type\":\"WebPage\",\"@id\":\"https:\\\/\\\/www.kein-alter-hut.de\\\/index.php\\\/kiezputz\\\/\",\"url\":\"https:\\\/\\\/www.kein-alter-hut.de\\\/index.php\\\/kiezputz\\\/\",\"name\":\"Kiezputz - Sven Meyer MdA\",\"isPartOf\":{\"@id\":\"https:\\\/\\\/www.kein-alter-hut.de\\\/#website\"},\"primaryImageOfPage\":{\"@id\":\"https:\\\/\\\/www.kein-alter-hut.de\\\/index.php\\\/kiezputz\\\/#primaryimage\"},\"image\":{\"@id\":\"https:\\\/\\\/www.kein-alter-hut.de\\\/index.php\\\/kiezputz\\\/#primaryimage\"},\"thumbnailUrl\":\"https:\\\/\\\/www.kein-alter-hut.de\\\/wp-content\\\/uploads\\\/2023\\\/01\\\/MVIMG_20221009_145710_red-1024x768.jpg\",\"datePublished\":\"2023-01-09T09:45:32+00:00\",\"dateModified\":\"2025-11-10T13:49:00+00:00\",\"breadcrumb\":{\"@id\":\"https:\\\/\\\/www.kein-alter-hut.de\\\/index.php\\\/kiezputz\\\/#breadcrumb\"},\"inLanguage\":\"de\",\"potentialAction\":[{\"@type\":\"ReadAction\",\"target\":[\"https:\\\/\\\/www.kein-alter-hut.de\\\/index.php\\\/kiezputz\\\/\"]}]},{\"@type\":\"ImageObject\",\"inLanguage\":\"de\",\"@id\":\"https:\\\/\\\/www.kein-alter-hut.de\\\/index.php\\\/kiezputz\\\/#primaryimage\",\"url\":\"https:\\\/\\\/www.kein-alter-hut.de\\\/wp-content\\\/uploads\\\/2023\\\/01\\\/MVIMG_20221009_145710_red-scaled.jpg\",\"contentUrl\":\"https:\\\/\\\/www.kein-alter-hut.de\\\/wp-content\\\/uploads\\\/2023\\\/01\\\/MVIMG_20221009_145710_red-scaled.jpg\",\"width\":2560,\"height\":1920},{\"@type\":\"BreadcrumbList\",\"@id\":\"https:\\\/\\\/www.kein-alter-hut.de\\\/index.php\\\/kiezputz\\\/#breadcrumb\",\"itemListElement\":[{\"@type\":\"ListItem\",\"position\":1,\"name\":\"Startseite\",\"item\":\"https:\\\/\\\/www.kein-alter-hut.de\\\/\"},{\"@type\":\"ListItem\",\"position\":2,\"name\":\"Kiezputz\"}]},{\"@type\":\"WebSite\",\"@id\":\"https:\\\/\\\/www.kein-alter-hut.de\\\/#website\",\"url\":\"https:\\\/\\\/www.kein-alter-hut.de\\\/\",\"name\":\"Sven Meyer MdA\",\"description\":\"Sven Meyer - Ihr Abgeordneter f\u00fcr Wittenau, Waidmannslust, Borsigwalde und Tegel\",\"potentialAction\":[{\"@type\":\"SearchAction\",\"target\":{\"@type\":\"EntryPoint\",\"urlTemplate\":\"https:\\\/\\\/www.kein-alter-hut.de\\\/?s={search_term_string}\"},\"query-input\":{\"@type\":\"PropertyValueSpecification\",\"valueRequired\":true,\"valueName\":\"search_term_string\"}}],\"inLanguage\":\"de\"}]}<\/script>\n<!-- \/ Yoast SEO plugin. -->","yoast_head_json":{"title":"Kiezputz - Sven Meyer MdA","robots":{"index":"index","follow":"follow","max-snippet":"max-snippet:-1","max-image-preview":"max-image-preview:large","max-video-preview":"max-video-preview:-1"},"canonical":"https:\/\/www.kein-alter-hut.de\/index.php\/kiezputz\/","og_locale":"de_DE","og_type":"article","og_title":"Kiezputz - Sven Meyer MdA","og_description":"Sie m\u00f6chten Ihren Kiez versch\u00f6nern? Fangen wir gemeinsam damit an&#8230; Mit Unterst\u00fctzung durch das \u2192Kehrenb\u00fcrger-Projekt der BSR spazieren Sven Meyer und sein Team regelm\u00e4\u00dfig mit engagierten B\u00fcrger:innen durch unseren Wahlkreis, um ihn von achtlos&#46;&#46;&#46;","og_url":"https:\/\/www.kein-alter-hut.de\/index.php\/kiezputz\/","og_site_name":"Sven Meyer MdA","article_publisher":"https:\/\/www.facebook.com\/SvenMeyerReinickendorf\/","article_modified_time":"2025-11-10T13:49:00+00:00","og_image":[{"width":2560,"height":1920,"url":"https:\/\/www.kein-alter-hut.de\/wp-content\/uploads\/2023\/01\/MVIMG_20221009_145710_red-scaled.jpg","type":"image\/jpeg"}],"twitter_card":"summary_large_image","twitter_misc":{"Gesch\u00e4tzte Lesezeit":"3\u00a0Minuten"},"schema":{"@context":"https:\/\/schema.org","@graph":[{"@type":"WebPage","@id":"https:\/\/www.kein-alter-hut.de\/index.php\/kiezputz\/","url":"https:\/\/www.kein-alter-hut.de\/index.php\/kiezputz\/","name":"Kiezputz - Sven Meyer MdA","isPartOf":{"@id":"https:\/\/www.kein-alter-hut.de\/#website"},"primaryImageOfPage":{"@id":"https:\/\/www.kein-alter-hut.de\/index.php\/kiezputz\/#primaryimage"},"image":{"@id":"https:\/\/www.kein-alter-hut.de\/index.php\/kiezputz\/#primaryimage"},"thumbnailUrl":"https:\/\/www.kein-alter-hut.de\/wp-content\/uploads\/2023\/01\/MVIMG_20221009_145710_red-1024x768.jpg","datePublished":"2023-01-09T09:45:32+00:00","dateModified":"2025-11-10T13:49:00+00:00","breadcrumb":{"@id":"https:\/\/www.kein-alter-hut.de\/index.php\/kiezputz\/#breadcrumb"},"inLanguage":"de","potentialAction":[{"@type":"ReadAction","target":["https:\/\/www.kein-alter-hut.de\/index.php\/kiezputz\/"]}]},{"@type":"ImageObject","inLanguage":"de","@id":"https:\/\/www.kein-alter-hut.de\/index.php\/kiezputz\/#primaryimage","url":"https:\/\/www.kein-alter-hut.de\/wp-content\/uploads\/2023\/01\/MVIMG_20221009_145710_red-scaled.jpg","contentUrl":"https:\/\/www.kein-alter-hut.de\/wp-content\/uploads\/2023\/01\/MVIMG_20221009_145710_red-scaled.jpg","width":2560,"height":1920},{"@type":"BreadcrumbList","@id":"https:\/\/www.kein-alter-hut.de\/index.php\/kiezputz\/#breadcrumb","itemListElement":[{"@type":"ListItem","position":1,"name":"Startseite","item":"https:\/\/www.kein-alter-hut.de\/"},{"@type":"ListItem","position":2,"name":"Kiezputz"}]},{"@type":"WebSite","@id":"https:\/\/www.kein-alter-hut.de\/#website","url":"https:\/\/www.kein-alter-hut.de\/","name":"Sven Meyer MdA","description":"Sven Meyer - Ihr Abgeordneter f\u00fcr Wittenau, Waidmannslust, Borsigwalde und Tegel","potentialAction":[{"@type":"SearchAction","target":{"@type":"EntryPoint","urlTemplate":"https:\/\/www.kein-alter-hut.de\/?s={search_term_string}"},"query-input":{"@type":"PropertyValueSpecification","valueRequired":true,"valueName":"search_term_string"}}],"inLanguage":"de"}]}},"_links":{"self":[{"href":"https:\/\/www.kein-alter-hut.de\/index.php\/wp-json\/wp\/v2\/pages\/443","targetHints":{"allow":["GET"]}}],"collection":[{"href":"https:\/\/www.kein-alter-hut.de\/index.php\/wp-json\/wp\/v2\/pages"}],"about":[{"href":"https:\/\/www.kein-alter-hut.de\/index.php\/wp-json\/wp\/v2\/types\/page"}],"author":[{"embeddable":true,"href":"https:\/\/www.kein-alter-hut.de\/index.php\/wp-json\/wp\/v2\/users\/1"}],"replies":[{"embeddable":true,"href":"https:\/\/www.kein-alter-hut.de\/index.php\/wp-json\/wp\/v2\/comments?post=443"}],"version-history":[{"count":12,"href":"https:\/\/www.kein-alter-hut.de\/index.php\/wp-json\/wp\/v2\/pages\/443\/revisions"}],"predecessor-version":[{"id":3051,"href":"https:\/\/www.kein-alter-hut.de\/index.php\/wp-json\/wp\/v2\/pages\/443\/revisions\/3051"}],"wp:attachment":[{"href":"https:\/\/www.kein-alter-hut.de\/index.php\/wp-json\/wp\/v2\/media?parent=443"}],"curies":[{"name":"wp","href":"https:\/\/api.w.org\/{rel}","templated":true}]}}