{"id":3105,"date":"2025-12-08T14:11:32","date_gmt":"2025-12-08T14:11:32","guid":{"rendered":"https:\/\/www.kein-alter-hut.de\/?post_type=tribe_events&#038;p=3105"},"modified":"2026-01-12T11:11:46","modified_gmt":"2026-01-12T11:11:46","slug":"anders-alborg-berlin-thriller-2-lesung","status":"publish","type":"tribe_events","link":"https:\/\/www.kein-alter-hut.de\/index.php\/event\/anders-alborg-berlin-thriller-2-lesung\/","title":{"rendered":"Anders Alborg: Berlin Thriller 2 &#8211; Lesung"},"content":{"rendered":"<div class=\"ReadMoreBoxTransparent__RemoveParagraphMargin-esy3t6-2 ReadMoreBoxTransparent__StyledReadMoreBox-esy3t6-3\">\n<div class=\"HtmlBox__StyledHtmlBox-ue7ajz-0 bmZQnn HtmlBox Summary__StyledHtmlBox-ktrgqx-3 dkTCUX\" style=\"text-align: left;\" data-wp-editing=\"1\"><a href=\"https:\/\/www.kein-alter-hut.de\/index.php\/event\/anders-alborg-berlin-thriller-2-lesung\/lesung-alborg-2026-02-a5\/\"><img fetchpriority=\"high\" decoding=\"async\" class=\"alignleft wp-image-3141\" src=\"https:\/\/www.kein-alter-hut.de\/wp-content\/uploads\/2025\/12\/Lesung-Alborg-2026-02-A5-214x300.png\" alt=\"\" width=\"363\" height=\"509\" srcset=\"https:\/\/www.kein-alter-hut.de\/wp-content\/uploads\/2025\/12\/Lesung-Alborg-2026-02-A5-214x300.png 214w, https:\/\/www.kein-alter-hut.de\/wp-content\/uploads\/2025\/12\/Lesung-Alborg-2026-02-A5-730x1024.png 730w, https:\/\/www.kein-alter-hut.de\/wp-content\/uploads\/2025\/12\/Lesung-Alborg-2026-02-A5-768x1077.png 768w, https:\/\/www.kein-alter-hut.de\/wp-content\/uploads\/2025\/12\/Lesung-Alborg-2026-02-A5-1095x1536.png 1095w, https:\/\/www.kein-alter-hut.de\/wp-content\/uploads\/2025\/12\/Lesung-Alborg-2026-02-A5.png 1426w\" sizes=\"(max-width: 363px) 100vw, 363px\" \/><\/a>Die Nachbeben der Ereignisse aus Teil 1 sind in der Berliner Unterwelt und im LKA deutlich zu sp\u00fcren. Da tritt Viktor, ein mysteri\u00f6ser Fremder aus der Ukraine, in das Spiel der Gro\u00dfen. Er wandelt als gef\u00e4hrlicher Schatten zwischen Tod und Leben durch Berlin mit einer Begleitung, die seinem Ruf in nichts nachsteht. Hauptkommissar Sven Kowalski sp\u00fcrt Hinweise zu Verbrechen auf, deren Skrupellosigkeit selbst Menschenhandel in den Schatten stellt. Seine Gegner sind bereit, jede Grenze zu \u00fcberschreiten, um ihn zum Schweigen zu bringen. Nadeschda hat dem Tod mehr als einmal ins Auge geblickt. Trotz der Absicht, ihm diesmal aus dem Weg zu gehen, kommt sie seinem kalten Atem unerwartet nah. Gefangen an einem Ort, der sich wie ein Grab um sie schlie\u00dft, wird sie von den dunkelsten Geheimnissen ihrer Vergangenheit eingeholt. Drei Leben, verflochten in einem t\u00f6dlichen Tanz, der die ambitionierten politischen Pl\u00e4ne eines Geheimdienstes durchkreuzt und an den gesellschaftlichen Fundamenten Berlins r\u00fcttelt.<\/div>\n<\/div>\n<div class=\"ReadMoreBoxTransparent__Action-esy3t6-0 bTKIlk\"><\/div>\n<h6>\u00a9 https:\/\/www.lovelybooks.de<\/h6>\n","protected":false},"excerpt":{"rendered":"<p>Die Nachbeben der Ereignisse aus Teil 1 sind in der Berliner Unterwelt und im LKA deutlich zu sp\u00fcren. Da tritt Viktor, ein mysteri\u00f6ser Fremder aus der Ukraine, in das Spiel der Gro\u00dfen. Er wandelt&#46;&#46;&#46;<\/p>\n","protected":false},"author":1,"featured_media":0,"template":"","meta":{"_tribe_events_status":"","_tribe_events_status_reason":"","footnotes":""},"tags":[],"tribe_events_cat":[],"class_list":["post-3105","tribe_events","type-tribe_events","status-publish","hentry"],"yoast_head":"<!-- This site is optimized with the Yoast SEO plugin v27.5 - https:\/\/yoast.com\/product\/yoast-seo-wordpress\/ -->\n<title>Anders Alborg: Berlin Thriller 2 - Lesung - Sven Meyer MdA<\/title>\n<meta name=\"robots\" content=\"index, follow, max-snippet:-1, max-image-preview:large, max-video-preview:-1\" \/>\n<link rel=\"canonical\" href=\"https:\/\/www.kein-alter-hut.de\/index.php\/event\/anders-alborg-berlin-thriller-2-lesung\/\" \/>\n<meta property=\"og:locale\" content=\"de_DE\" \/>\n<meta property=\"og:type\" content=\"article\" \/>\n<meta property=\"og:title\" content=\"Anders Alborg: Berlin Thriller 2 - Lesung - Sven Meyer MdA\" \/>\n<meta property=\"og:description\" content=\"Die Nachbeben der Ereignisse aus Teil 1 sind in der Berliner Unterwelt und im LKA deutlich zu sp\u00fcren. Da tritt Viktor, ein mysteri\u00f6ser Fremder aus der Ukraine, in das Spiel der Gro\u00dfen. Er wandelt&#046;&#046;&#046;\" \/>\n<meta property=\"og:url\" content=\"https:\/\/www.kein-alter-hut.de\/index.php\/event\/anders-alborg-berlin-thriller-2-lesung\/\" \/>\n<meta property=\"og:site_name\" content=\"Sven Meyer MdA\" \/>\n<meta property=\"article:publisher\" content=\"https:\/\/www.facebook.com\/SvenMeyerReinickendorf\/\" \/>\n<meta property=\"article:modified_time\" content=\"2026-01-12T11:11:46+00:00\" \/>\n<meta property=\"og:image\" content=\"https:\/\/www.kein-alter-hut.de\/wp-content\/uploads\/2025\/12\/Lesung-Alborg-2026-02-A5.png\" \/>\n\t<meta property=\"og:image:width\" content=\"1426\" \/>\n\t<meta property=\"og:image:height\" content=\"2000\" \/>\n\t<meta property=\"og:image:type\" content=\"image\/png\" \/>\n<meta name=\"twitter:card\" content=\"summary_large_image\" \/>\n<meta name=\"twitter:label1\" content=\"Gesch\u00e4tzte Lesezeit\" \/>\n\t<meta name=\"twitter:data1\" content=\"2\u00a0Minuten\" \/>\n<script type=\"application\/ld+json\" class=\"yoast-schema-graph\">{\"@context\":\"https:\\\/\\\/schema.org\",\"@graph\":[{\"@type\":\"WebPage\",\"@id\":\"https:\\\/\\\/www.kein-alter-hut.de\\\/index.php\\\/event\\\/anders-alborg-berlin-thriller-2-lesung\\\/\",\"url\":\"https:\\\/\\\/www.kein-alter-hut.de\\\/index.php\\\/event\\\/anders-alborg-berlin-thriller-2-lesung\\\/\",\"name\":\"Anders Alborg: Berlin Thriller 2 - Lesung - Sven Meyer MdA\",\"isPartOf\":{\"@id\":\"https:\\\/\\\/www.kein-alter-hut.de\\\/#website\"},\"primaryImageOfPage\":{\"@id\":\"https:\\\/\\\/www.kein-alter-hut.de\\\/index.php\\\/event\\\/anders-alborg-berlin-thriller-2-lesung\\\/#primaryimage\"},\"image\":{\"@id\":\"https:\\\/\\\/www.kein-alter-hut.de\\\/index.php\\\/event\\\/anders-alborg-berlin-thriller-2-lesung\\\/#primaryimage\"},\"thumbnailUrl\":\"https:\\\/\\\/www.kein-alter-hut.de\\\/wp-content\\\/uploads\\\/2025\\\/12\\\/Lesung-Alborg-2026-02-A5-214x300.png\",\"datePublished\":\"2025-12-08T14:11:32+00:00\",\"dateModified\":\"2026-01-12T11:11:46+00:00\",\"breadcrumb\":{\"@id\":\"https:\\\/\\\/www.kein-alter-hut.de\\\/index.php\\\/event\\\/anders-alborg-berlin-thriller-2-lesung\\\/#breadcrumb\"},\"inLanguage\":\"de\",\"potentialAction\":[{\"@type\":\"ReadAction\",\"target\":[\"https:\\\/\\\/www.kein-alter-hut.de\\\/index.php\\\/event\\\/anders-alborg-berlin-thriller-2-lesung\\\/\"]}]},{\"@type\":\"ImageObject\",\"inLanguage\":\"de\",\"@id\":\"https:\\\/\\\/www.kein-alter-hut.de\\\/index.php\\\/event\\\/anders-alborg-berlin-thriller-2-lesung\\\/#primaryimage\",\"url\":\"https:\\\/\\\/www.kein-alter-hut.de\\\/wp-content\\\/uploads\\\/2025\\\/12\\\/Lesung-Alborg-2026-02-A5.png\",\"contentUrl\":\"https:\\\/\\\/www.kein-alter-hut.de\\\/wp-content\\\/uploads\\\/2025\\\/12\\\/Lesung-Alborg-2026-02-A5.png\",\"width\":1426,\"height\":2000},{\"@type\":\"BreadcrumbList\",\"@id\":\"https:\\\/\\\/www.kein-alter-hut.de\\\/index.php\\\/event\\\/anders-alborg-berlin-thriller-2-lesung\\\/#breadcrumb\",\"itemListElement\":[{\"@type\":\"ListItem\",\"position\":1,\"name\":\"Startseite\",\"item\":\"https:\\\/\\\/www.kein-alter-hut.de\\\/\"},{\"@type\":\"ListItem\",\"position\":2,\"name\":\"Veranstaltungen\",\"item\":\"https:\\\/\\\/www.kein-alter-hut.de\\\/index.php\\\/events\\\/\"},{\"@type\":\"ListItem\",\"position\":3,\"name\":\"Anders Alborg: Berlin Thriller 2 &#8211; Lesung\"}]},{\"@type\":\"WebSite\",\"@id\":\"https:\\\/\\\/www.kein-alter-hut.de\\\/#website\",\"url\":\"https:\\\/\\\/www.kein-alter-hut.de\\\/\",\"name\":\"Sven Meyer MdA\",\"description\":\"Sven Meyer - Ihr Abgeordneter f\u00fcr Wittenau, Waidmannslust, Borsigwalde und Tegel\",\"potentialAction\":[{\"@type\":\"SearchAction\",\"target\":{\"@type\":\"EntryPoint\",\"urlTemplate\":\"https:\\\/\\\/www.kein-alter-hut.de\\\/?s={search_term_string}\"},\"query-input\":{\"@type\":\"PropertyValueSpecification\",\"valueRequired\":true,\"valueName\":\"search_term_string\"}}],\"inLanguage\":\"de\"}]}<\/script>\n<!-- \/ Yoast SEO plugin. -->","yoast_head_json":{"title":"Anders Alborg: Berlin Thriller 2 - Lesung - Sven Meyer MdA","robots":{"index":"index","follow":"follow","max-snippet":"max-snippet:-1","max-image-preview":"max-image-preview:large","max-video-preview":"max-video-preview:-1"},"canonical":"https:\/\/www.kein-alter-hut.de\/index.php\/event\/anders-alborg-berlin-thriller-2-lesung\/","og_locale":"de_DE","og_type":"article","og_title":"Anders Alborg: Berlin Thriller 2 - Lesung - Sven Meyer MdA","og_description":"Die Nachbeben der Ereignisse aus Teil 1 sind in der Berliner Unterwelt und im LKA deutlich zu sp\u00fcren. Da tritt Viktor, ein mysteri\u00f6ser Fremder aus der Ukraine, in das Spiel der Gro\u00dfen. Er wandelt&#46;&#46;&#46;","og_url":"https:\/\/www.kein-alter-hut.de\/index.php\/event\/anders-alborg-berlin-thriller-2-lesung\/","og_site_name":"Sven Meyer MdA","article_publisher":"https:\/\/www.facebook.com\/SvenMeyerReinickendorf\/","article_modified_time":"2026-01-12T11:11:46+00:00","og_image":[{"width":1426,"height":2000,"url":"https:\/\/www.kein-alter-hut.de\/wp-content\/uploads\/2025\/12\/Lesung-Alborg-2026-02-A5.png","type":"image\/png"}],"twitter_card":"summary_large_image","twitter_misc":{"Gesch\u00e4tzte Lesezeit":"2\u00a0Minuten"},"schema":{"@context":"https:\/\/schema.org","@graph":[{"@type":"WebPage","@id":"https:\/\/www.kein-alter-hut.de\/index.php\/event\/anders-alborg-berlin-thriller-2-lesung\/","url":"https:\/\/www.kein-alter-hut.de\/index.php\/event\/anders-alborg-berlin-thriller-2-lesung\/","name":"Anders Alborg: Berlin Thriller 2 - Lesung - Sven Meyer MdA","isPartOf":{"@id":"https:\/\/www.kein-alter-hut.de\/#website"},"primaryImageOfPage":{"@id":"https:\/\/www.kein-alter-hut.de\/index.php\/event\/anders-alborg-berlin-thriller-2-lesung\/#primaryimage"},"image":{"@id":"https:\/\/www.kein-alter-hut.de\/index.php\/event\/anders-alborg-berlin-thriller-2-lesung\/#primaryimage"},"thumbnailUrl":"https:\/\/www.kein-alter-hut.de\/wp-content\/uploads\/2025\/12\/Lesung-Alborg-2026-02-A5-214x300.png","datePublished":"2025-12-08T14:11:32+00:00","dateModified":"2026-01-12T11:11:46+00:00","breadcrumb":{"@id":"https:\/\/www.kein-alter-hut.de\/index.php\/event\/anders-alborg-berlin-thriller-2-lesung\/#breadcrumb"},"inLanguage":"de","potentialAction":[{"@type":"ReadAction","target":["https:\/\/www.kein-alter-hut.de\/index.php\/event\/anders-alborg-berlin-thriller-2-lesung\/"]}]},{"@type":"ImageObject","inLanguage":"de","@id":"https:\/\/www.kein-alter-hut.de\/index.php\/event\/anders-alborg-berlin-thriller-2-lesung\/#primaryimage","url":"https:\/\/www.kein-alter-hut.de\/wp-content\/uploads\/2025\/12\/Lesung-Alborg-2026-02-A5.png","contentUrl":"https:\/\/www.kein-alter-hut.de\/wp-content\/uploads\/2025\/12\/Lesung-Alborg-2026-02-A5.png","width":1426,"height":2000},{"@type":"BreadcrumbList","@id":"https:\/\/www.kein-alter-hut.de\/index.php\/event\/anders-alborg-berlin-thriller-2-lesung\/#breadcrumb","itemListElement":[{"@type":"ListItem","position":1,"name":"Startseite","item":"https:\/\/www.kein-alter-hut.de\/"},{"@type":"ListItem","position":2,"name":"Veranstaltungen","item":"https:\/\/www.kein-alter-hut.de\/index.php\/events\/"},{"@type":"ListItem","position":3,"name":"Anders Alborg: Berlin Thriller 2 &#8211; Lesung"}]},{"@type":"WebSite","@id":"https:\/\/www.kein-alter-hut.de\/#website","url":"https:\/\/www.kein-alter-hut.de\/","name":"Sven Meyer MdA","description":"Sven Meyer - Ihr Abgeordneter f\u00fcr Wittenau, Waidmannslust, Borsigwalde und Tegel","potentialAction":[{"@type":"SearchAction","target":{"@type":"EntryPoint","urlTemplate":"https:\/\/www.kein-alter-hut.de\/?s={search_term_string}"},"query-input":{"@type":"PropertyValueSpecification","valueRequired":true,"valueName":"search_term_string"}}],"inLanguage":"de"}]}},"_links":{"self":[{"href":"https:\/\/www.kein-alter-hut.de\/index.php\/wp-json\/wp\/v2\/tribe_events\/3105","targetHints":{"allow":["GET"]}}],"collection":[{"href":"https:\/\/www.kein-alter-hut.de\/index.php\/wp-json\/wp\/v2\/tribe_events"}],"about":[{"href":"https:\/\/www.kein-alter-hut.de\/index.php\/wp-json\/wp\/v2\/types\/tribe_events"}],"author":[{"embeddable":true,"href":"https:\/\/www.kein-alter-hut.de\/index.php\/wp-json\/wp\/v2\/users\/1"}],"version-history":[{"count":4,"href":"https:\/\/www.kein-alter-hut.de\/index.php\/wp-json\/wp\/v2\/tribe_events\/3105\/revisions"}],"predecessor-version":[{"id":3144,"href":"https:\/\/www.kein-alter-hut.de\/index.php\/wp-json\/wp\/v2\/tribe_events\/3105\/revisions\/3144"}],"wp:attachment":[{"href":"https:\/\/www.kein-alter-hut.de\/index.php\/wp-json\/wp\/v2\/media?parent=3105"}],"wp:term":[{"taxonomy":"post_tag","embeddable":true,"href":"https:\/\/www.kein-alter-hut.de\/index.php\/wp-json\/wp\/v2\/tags?post=3105"},{"taxonomy":"tribe_events_cat","embeddable":true,"href":"https:\/\/www.kein-alter-hut.de\/index.php\/wp-json\/wp\/v2\/tribe_events_cat?post=3105"}],"curies":[{"name":"wp","href":"https:\/\/api.w.org\/{rel}","templated":true}]}}

<div class="ReadMoreBoxTransparent__RemoveParagraphMargin-esy3t6-2 ReadMoreBoxTransparent__StyledReadMoreBox-esy3t6-3">
<div class="HtmlBox__StyledHtmlBox-ue7ajz-0 bmZQnn HtmlBox Summary__StyledHtmlBox-ktrgqx-3 dkTCUX" style="text-align: left;" data-wp-editing="1"><a href="https://www.kein-alter-hut.de/index.php/event/anders-alborg-berlin-thriller-2-lesung/lesung-alborg-2026-02-a5/"><img fetchpriority="high" decoding="async" class="alignleft wp-image-3141" src="https://www.kein-alter-hut.de/wp-content/uploads/2025/12/Lesung-Alborg-2026-02-A5-214x300.png" alt="" width="363" height="509" srcset="https://www.kein-alter-hut.de/wp-content/uploads/2025/12/Lesung-Alborg-2026-02-A5-214x300.png 214w, https://www.kein-alter-hut.de/wp-content/uploads/2025/12/Lesung-Alborg-2026-02-A5-730x1024.png 730w, https://www.kein-alter-hut.de/wp-content/uploads/2025/12/Lesung-Alborg-2026-02-A5-768x1077.png 768w, https://www.kein-alter-hut.de/wp-content/uploads/2025/12/Lesung-Alborg-2026-02-A5-1095x1536.png 1095w, https://www.kein-alter-hut.de/wp-content/uploads/2025/12/Lesung-Alborg-2026-02-A5.png 1426w" sizes="(max-width: 363px) 100vw, 363px" /></a>Die Nachbeben der Ereignisse aus Teil 1 sind in der Berliner Unterwelt und im LKA deutlich zu spüren. Da tritt Viktor, ein mysteriöser Fremder aus der Ukraine, in das Spiel der Großen. Er wandelt als gefährlicher Schatten zwischen Tod und Leben durch Berlin mit einer Begleitung, die seinem Ruf in nichts nachsteht. Hauptkommissar Sven Kowalski spürt Hinweise zu Verbrechen auf, deren Skrupellosigkeit selbst Menschenhandel in den Schatten stellt. Seine Gegner sind bereit, jede Grenze zu überschreiten, um ihn zum Schweigen zu bringen. Nadeschda hat dem Tod mehr als einmal ins Auge geblickt. Trotz der Absicht, ihm diesmal aus dem Weg zu gehen, kommt sie seinem kalten Atem unerwartet nah. Gefangen an einem Ort, der sich wie ein Grab um sie schließt, wird sie von den dunkelsten Geheimnissen ihrer Vergangenheit eingeholt. Drei Leben, verflochten in einem tödlichen Tanz, der die ambitionierten politischen Pläne eines Geheimdienstes durchkreuzt und an den gesellschaftlichen Fundamenten Berlins rüttelt.</div>
</div>
<div class="ReadMoreBoxTransparent__Action-esy3t6-0 bTKIlk"></div>
<h6>© https://www.lovelybooks.de</h6>

<p>Die Nachbeben der Ereignisse aus Teil 1 sind in der Berliner Unterwelt und im LKA deutlich zu spüren. Da tritt Viktor, ein mysteriöser Fremder aus der Ukraine, in das Spiel der Großen. Er wandelt&#46;&#46;&#46;</p>

<!-- This site is optimized with the Yoast SEO plugin v27.5 - https://yoast.com/product/yoast-seo-wordpress/ -->
<title>Anders Alborg: Berlin Thriller 2 - Lesung - Sven Meyer MdA</title>
<meta name="robots" content="index, follow, max-snippet:-1, max-image-preview:large, max-video-preview:-1" />
<link rel="canonical" href="https://www.kein-alter-hut.de/index.php/event/anders-alborg-berlin-thriller-2-lesung/" />
<meta property="og:locale" content="de_DE" />
<meta property="og:type" content="article" />
<meta property="og:title" content="Anders Alborg: Berlin Thriller 2 - Lesung - Sven Meyer MdA" />
<meta property="og:description" content="Die Nachbeben der Ereignisse aus Teil 1 sind in der Berliner Unterwelt und im LKA deutlich zu spüren. Da tritt Viktor, ein mysteriöser Fremder aus der Ukraine, in das Spiel der Großen. Er wandelt&#046;&#046;&#046;" />
<meta property="og:url" content="https://www.kein-alter-hut.de/index.php/event/anders-alborg-berlin-thriller-2-lesung/" />
<meta property="og:site_name" content="Sven Meyer MdA" />
<meta property="article:publisher" content="https://www.facebook.com/SvenMeyerReinickendorf/" />
<meta property="article:modified_time" content="2026-01-12T11:11:46+00:00" />
<meta property="og:image" content="https://www.kein-alter-hut.de/wp-content/uploads/2025/12/Lesung-Alborg-2026-02-A5.png" />
	<meta property="og:image:width" content="1426" />
	<meta property="og:image:height" content="2000" />
	<meta property="og:image:type" content="image/png" />
<meta name="twitter:card" content="summary_large_image" />
<meta name="twitter:label1" content="Geschätzte Lesezeit" />
	<meta name="twitter:data1" content="2 Minuten" />
<script type="application/ld+json" class="yoast-schema-graph">{"@context":"https:\/\/schema.org","@graph":[{"@type":"WebPage","@id":"https:\/\/www.kein-alter-hut.de\/index.php\/event\/anders-alborg-berlin-thriller-2-lesung\/","url":"https:\/\/www.kein-alter-hut.de\/index.php\/event\/anders-alborg-berlin-thriller-2-lesung\/","name":"Anders Alborg: Berlin Thriller 2 - Lesung - Sven Meyer MdA","isPartOf":{"@id":"https:\/\/www.kein-alter-hut.de\/#website"},"primaryImageOfPage":{"@id":"https:\/\/www.kein-alter-hut.de\/index.php\/event\/anders-alborg-berlin-thriller-2-lesung\/#primaryimage"},"image":{"@id":"https:\/\/www.kein-alter-hut.de\/index.php\/event\/anders-alborg-berlin-thriller-2-lesung\/#primaryimage"},"thumbnailUrl":"https:\/\/www.kein-alter-hut.de\/wp-content\/uploads\/2025\/12\/Lesung-Alborg-2026-02-A5-214x300.png","datePublished":"2025-12-08T14:11:32+00:00","dateModified":"2026-01-12T11:11:46+00:00","breadcrumb":{"@id":"https:\/\/www.kein-alter-hut.de\/index.php\/event\/anders-alborg-berlin-thriller-2-lesung\/#breadcrumb"},"inLanguage":"de","potentialAction":[{"@type":"ReadAction","target":["https:\/\/www.kein-alter-hut.de\/index.php\/event\/anders-alborg-berlin-thriller-2-lesung\/"]}]},{"@type":"ImageObject","inLanguage":"de","@id":"https:\/\/www.kein-alter-hut.de\/index.php\/event\/anders-alborg-berlin-thriller-2-lesung\/#primaryimage","url":"https:\/\/www.kein-alter-hut.de\/wp-content\/uploads\/2025\/12\/Lesung-Alborg-2026-02-A5.png","contentUrl":"https:\/\/www.kein-alter-hut.de\/wp-content\/uploads\/2025\/12\/Lesung-Alborg-2026-02-A5.png","width":1426,"height":2000},{"@type":"BreadcrumbList","@id":"https:\/\/www.kein-alter-hut.de\/index.php\/event\/anders-alborg-berlin-thriller-2-lesung\/#breadcrumb","itemListElement":[{"@type":"ListItem","position":1,"name":"Startseite","item":"https:\/\/www.kein-alter-hut.de\/"},{"@type":"ListItem","position":2,"name":"Veranstaltungen","item":"https:\/\/www.kein-alter-hut.de\/index.php\/events\/"},{"@type":"ListItem","position":3,"name":"Anders Alborg: Berlin Thriller 2 &#8211; Lesung"}]},{"@type":"WebSite","@id":"https:\/\/www.kein-alter-hut.de\/#website","url":"https:\/\/www.kein-alter-hut.de\/","name":"Sven Meyer MdA","description":"Sven Meyer - Ihr Abgeordneter für Wittenau, Waidmannslust, Borsigwalde und Tegel","potentialAction":[{"@type":"SearchAction","target":{"@type":"EntryPoint","urlTemplate":"https:\/\/www.kein-alter-hut.de\/?s={search_term_string}"},"query-input":{"@type":"PropertyValueSpecification","valueRequired":true,"valueName":"search_term_string"}}],"inLanguage":"de"}]}</script>
<!-- / Yoast SEO plugin. -->

Die Nachbeben der Ereignisse aus Teil 1 sind in der Berliner Unterwelt und im LKA deutlich zu spüren. Da tritt Viktor, ein mysteriöser Fremder aus der Ukraine, in das Spiel der Großen. Er wandelt&#46;&#46;&#46;

Sven Meyer - Ihr Abgeordneter für Wittenau, Waidmannslust, Borsigwalde und Tegel
